. What is the remainder when (-388)/(-6) - (-1)/3 is divided by u?
11
Let d = -7 + 76. Calculate the remainder when 206 is divided by d.
68
Let k = -115 - -119. Suppose 2*y = k*s - 794, 339 + 637 = 5*s + 3*y. Calculate the remainder when s is divided by 40.
37
Suppose -1057 = -2*g - i, 3*i - i + 2094 = 4*g. What is the remainder when g is divided by 24?
22
Let d = 195 + -69. Suppose 0*t - 2*t = -64. Calculate the remainder when d is divided by t.
30
Suppose 13 = -3*p - 20. Calculate the remainder when (-8)/44 - 244/p is divided by 5.
2
Let y = 424 + -261. Calculate the remainder when y is divided by 56.
51
Let b(d) = -3*d + 34. Let w be b(10). Suppose 0 = 2*g - w*g + 24. What is the remainder when 43 is divided by g?
7
Let p = -203 + 221. Suppose -5*y - 73 + 688 = 0. Calculate the remainder when y is divided by p.
15
Let c = 2 + -1. Let x = 28 + c. What is the remainder when x is divided by 6?
5
Let p = -398 + 542. What is the remainder when p is divided by 14?
4
Let u be 60/(-6)*(-2 - 82/(-5)). What is the remainder when 8 is divided by 3/7 - u/56?
2
Let f(n) = -n**3 - 18*n**2 - 5. Let l be f(-18). Let r(c) = -3*c**2 - c**3 + 4*c + 7 + 2*c**3 - 4 - 2*c**3. Calculate the remainder when r(l) is divided by 18.
15
Let y = 28 - 16. Suppose 3*q - y + 0 = 0. What is the remainder when q is divided by 3/(6/(-4) - -3)?
0
Let i(h) = h**3 - 8*h + 6. Let d = 48 + -33. Suppose 3*x = -5*k + 44, -3*k = -6*k - d. What is the remainder when i(5) is divided by x?
22
Let s(k) = 5*k - 7. Let m(z) = 5*z - 8. Let g = 27 + -22. Let b(h) = g*s(h) - 4*m(h). Calculate the remainder when b(7) is divided by 17.
15
Suppose -5*l - y = -469 + 163, y = -l + 58. What is the remainder when 446 is divided by l?
12
Let p(l) = 3*l**3 + 31*l**2 - 24*l - 4. Calculate the remainder when 85 is divided by p(-11).
13
Calculate the remainder when (-4)/(-14) - 10527/(-77) is divided by 46.
45
Let u(i) = i**3 - 8*i**2 + 14*i + 16. Let a = 12 - 5. Calculate the remainder when u(a) is divided by 23.
19
Suppose -2*l - 3*l + 80 = 0. Let a be (0 - 1)*(-10 + l). What is the remainder when 49 is divided by 26 + (-2)/a*-3?
24
Let m(b) = 3*b + 14. Let i be m(-5). Let z = 68 + i. Calculate the remainder when z is divided by 1/4 + 278/8.
32
Suppose 8*j = 6*j + f + 11, -3*f - 28 = -5*j. Calculate the remainder when 139 is divided by j.
4
Suppose -4*k - 10 = k. Let j be 7*6/k - -1. Let w = j - -46. Calculate the remainder when w is divided by 7.
5
Let k = 399 + -372. What is the remainder when 104 is divided by k?
23
Let p = -253 - -296. Calculate the remainder when 157 is divided by p.
28
Let u(y) = -y**2 - 2*y - 1. Let m be u(-4). What is the remainder when m/(-7 + 4) + 1 is divided by 4?
0
Suppose 5*i - 398 = -208. What is the remainder when i is divided by 26?
12
Let g = -1561 - -1578. What is the remainder when 48 is divided by g?
14
Suppose -12*o + 532 = 2*o. Calculate the remainder when 123 is divided by o.
9
Let a be ((-10)/3)/(3/(-9)). Let l(q) = -q**3 + 11*q**2 - 11*q + 22. What is the remainder when l(a) is divided by 3?
0
Suppose 0 = -4*v + 2*v + 30. Calculate the remainder when 20 is divided by (-2)/v - (-484)/30.
4
Suppose -10*m = -4*m - 54. Suppose m = -5*c - 16. What is the remainder when 38 is divided by (c/(-3))/((-2)/(-12))?
8
Suppose 79 = q + 5*x - 9*x, 4*q + 2*x - 406 = 0. What is the remainder when q is divided by 20?
19
Let g be 6/(-27)*3*12. Let r(q) = q**3 + 8*q**2 - 9. Let b be r(g). What is the remainder when 13 is divided by (-3 + (-15)/b)*-3?
1
Calculate the remainder when 66 is divided by ((-1 + 3)/(-2))/((-12)/696).
8
Let x = -34 - -13. Let y be ((-2)/2)/(7/x). What is the remainder when (6 + y + -5)*1 is divided by 3?
1
Let o = 529 - 511. Calculate the remainder when 63 is divided by o.
9
Suppose -5*x - 565 = 195. Let o = x - -176. What is the remainder when 89 is divided by o?
17
Let v(z) = -z**3 + 5*z**2 - 17*z + 44. Calculate the remainder when 42 is divided by v(3).
9
Suppose -r = -4*q - 297, -2*r = 3*q - 685 + 113. What is the remainder when r is divided by 10?
9
Suppose v = 3*v - 8. Let g be (-1 - -6)/(v + -5). Let h(r) = r**3 + 8*r**2 + 4*r - 2. What is the remainder when h(g) is divided by 18?
17
Let i(u) = -12*u - 53. Calculate the remainder when 96 is divided by i(-5).
5
Suppose b + 4*j - 8*j = 36, 4*j = -5*b + 108. Calculate the remainder when 86 is divided by b.
14
Let u = 43 + 9. Let j(t) be the first derivative of t**3/3 + 9*t**2/2 + 18*t + 8. What is the remainder when u is divided by j(-9)?
16
Let n = -33 - -83. Suppose 2*i - 2*j - 2 = 0, i + j - 5*j - 13 = 0. Calculate the remainder when n is divided by 13/(-3)*(i + -3).
24
Let u be 3 + 4*-2*(-2)/(-8). Let v(f) = 4*f**2 - f. Calculate the remainder when 4 is divided by v(u).
1
Let p = -66 + 69. Suppose 19 = f + 4*b - 2*b, p*f - 79 = 5*b. Calculate the remainder when 89 is divided by f.
20
Suppose 14 + 1 = 3*n. Let l be 1*(4 - n) - -6. Suppose -13 = -l*i + 57. Calculate the remainder when i is divided by 4.
2
Suppose -5*q - 5*y = -360, 30 = q - 2*y - 54. Calculate the remainder when q is divided by 27.
22
What is the remainder when 22 - 19 - 2*-1 - -441 is divided by 64?
62
Suppose 3*i + 3*k = 199 - 49, 258 = 5*i - 3*k. Calculate the remainder when 90 is divided by i.
39
Let o(z) = -z**3 + 43*z**2 - 69*z - 96. What is the remainder when o(41) is divided by 45?
32
Suppose -3*t = 5*x - 127, 2*t + x = 26 + 47. Calculate the remainder when 157 is divided by t.
21
Let n(s) = 12*s - 3. Let i be n(1). Suppose -5*c + 734 = q, i*c - 4*c - 731 = -4*q. Calculate the remainder when c is divided by 10.
7
Let s be 2/12 - 22/(-12). Suppose 7*f = -s*f + 639. What is the remainder when f is divided by 21*3/42*12?
17
Let x = -138 - -197. Suppose 3*b = 4*l + 60, l = -4*b + x + 21. Calculate the remainder when 37 is divided by b.
17
Let b(t) be the second derivative of 2*t**3 - 7*t**2 + 2*t. Calculate the remainder when b(5) is divided by 8.
6
Let t = -10493 + 10590. Let u be 24 + (-1 - -1) + 1. Suppose 0*a = a - u. What is the remainder when t is divided by a?
22
Let x = -2315 + 300. Suppose -4*z = -2*f + 66, 4*f + z = -66 + 198. Calculate the remainder when f is divided by x/(-117) - 4/18.
16
Let a(z) = -2*z - 2. Let b be a(-4). Let h(u) = 2*u + 8 + 3*u - 4585*u**2 + 4584*u**2. Calculate the remainder when h(b) is divided by 2.
0
Let n = -445 + 456. What is the remainder when 28 is divided by n?
6
Suppose -a + 0 = 63. What is the remainder when 3 - ((-546)/56 + (-1)/4) is divided by 2 + -1 + a/(-9)?
5
Let p be 4*(-3)/(-4) + -1. Suppose -40 = -8*k - p*k. What is the remainder when 13 is divided by k?
1
Suppose 31 - 222 = -2*l + 5*g, -5*l = 4*g - 527. What is the remainder when 203 is divided by l?
100
Suppose 0 = 5*m - 5*k - 135, 78 - 25 = 2*m - 3*k. What is the remainder when 108 is divided by m?
24
Let s = -7 + 12. Suppose 5*v + 5*q = 35, s*v - 5*q - 4 = 1. What is the remainder when (-9)/2*(-4)/3 is divided by v?
2
Calculate the remainder when 126 is divided by ((-663)/17)/(3/(-2)).
22
Calculate the remainder when 107 is divided by 23265/987 - (-8)/(-14).
15
Suppose 6*m = 1504 + 176. Suppose -3*b + 6*l + 168 = l, 0 = 5*b - l - m. What is the remainder when b is divided by 19?
18
Let z = 825 + -488. Calculate the remainder when z is divided by 68.
65
Let i = 105 + -74. Suppose 2*p + 117 = -i. Calculate the remainder when 30 is divided by p/(-9) + (-14)/63.
6
Calculate the remainder when 228 is divided by (-53)/(-1) + 135/27.
54
Let q be 0 - 2 - (-2 + -8). Calculate the remainder when 23 is divided by (2 + -4)*q/(-4).
3
Suppose -5*f = 2*u - 24 - 163, 4*u + f - 401 = 0. Calculate the remainder when 403 is divided by u.
100
Let c = -33 - 102. Let s = 152 + c. What is the remainder when 48 is divided by s?
14
Suppose -3*d + 9*p - 4*p = -104, -122 = -3*d - 4*p. Let s = 0 + d. What is the remainder when s is divided by 20?
18
Let g(r) = -2*r - 22. Let l be g(-14). Suppose -2*m + 60 = 4*s, 2*s + 60 = l*s - 4*m. What is the remainder when 73 is divided by s?
13
Let l(x) = 4*x - 7. What is the remainder when l(6) is divided by ((-3)/(-4))/(63/420)?
2
Suppose -5*f + 2*q + 97 = 5*q, -q - 101 = -5*f. Suppose 5*m - x - f = -5*x, -m - x = -3. What is the remainder when 35 is divided by m?
3
Let c = 106 - 64. Suppose -5*l = 3*j -